erivative of w**4/12 - w**3/6 + 3*w**2 - 10*w. Is o(9) a multiple of 23?
False
Let z be ((-4)/2 + 3)*5. Let q be (-2 - 0)/(2/(-11)). Suppose -z = -j + q. Is 8 a factor of j?
True
Let z = 64 + -59. Is 3 a factor of z?
False
Is ((-6)/(-4))/(9/(-9))*-2 a multiple of 2?
False
Suppose -g = 4*m - 2*g - 392, -5*m + 5*g + 475 = 0. Is 11 a factor of m?
True
Let d = -14 - -35. Is 4 a factor of d?
False
Let f(z) = z**2 - 7*z**2 + 2 + 2*z + 2*z + 7*z**2. Does 5 divide f(-6)?
False
Suppose 0*p = 3*v - p + 9, 0 = v - 5*p + 17. Let f(b) = -6*b + 1. Let c be f(v). Let n = c + -8. Is n a multiple of 2?
False
Suppose 1 = 3*w - 2, -2*w = -c + 46. Does 24 divide c?
True
Suppose -5*l = -5 - 10. Suppose -188 = -l*d + 4*n, -3*d + 3*n + 2 = -184. Is (-3)/(-6)*(2 + d) a multiple of 13?
False
Let i = -22 + 98. Suppose 0 = -2*h + 4*x - 22 + 6, -2*x = 3*h - 16. Suppose h*k - 6*k + i = 4*g, 4*k + 38 = 2*g. Is 7 a factor of g?
False
Let g = 60 - 16. Does 17 divide g?
False
Let t be (-1 - -2)*(-10)/(-5). Is (t - 3)/((-2)/38) a multiple of 11?
False
Suppose -4 = -3*u + 2. Does 11 divide u/(-10) - (-448)/40?
True
Suppose -m = -3*m. Suppose 18 = 2*h - 5*n + n, m = -3*n + 3. Does 11 divide h?
True
Let c = 8 + 2. Suppose -2*g - c + 36 = 0. Does 5 divide g?
False
Suppose -115 = 24*t - 29*t. Is t a multiple of 3?
False
Is 9 a factor of 1*(-2)/(4/(-54))?
True
Let d(l) = 10*l**2 + 10*l. Is 13 a factor of d(-5)?
False
Let z = 9 - 6. Is 17/4 - z/12 even?
True
Suppose 5*t = 2*b - 5*b + 1380, 4*t = 4*b + 1136. Is 31 a factor of t?
True
Suppose -c + 1 = 4. Let h = c + 3. Does 14 divide (34 + h)/(4 - 3)?
False
Let m(c) = -c + 54. Let g = 20 - 20. Is 18 a factor of m(g)?
True
Suppose 0 = -2*s + s. Suppose 2*c - 8 + 0 = s, 0 = -3*i + c + 59. Is i a multiple of 7?
True
Suppose -3*s - 6 = -0. Is (25/15)/(s/(-24)) a multiple of 10?
True
Suppose -4*c + 64 = g + g, 3*c = 2*g + 34. Is c a multiple of 3?
False
Suppose 5*u - 1 = -6. Let f be 0/(-3 + u/(-1)). Suppose 2*v - v - 62 = f. Is v a multiple of 23?
False
Let q(l) = -l**3 - l**2 - l + 2. Suppose -4*b = 4*d, 29 = 4*d - 2*b + 11. Let a = -5 + d. Is 6 a factor of q(a)?
False
Let s be 10/4*(-28)/(-35). Suppose 3*b - s*b = -4. Let v(l) = -6*l + 1. Does 13 divide v(b)?
False
Suppose -34 = -b + 3*w, b + w + 2 = 24. Is 2 a factor of b?
False
Let q(s) = s**2 - 8*s - 9. Is 25 a factor of q(-6)?
True
Suppose 2*o + 3*x - 24 = 2*x, -3*o + 3*x = -54. Suppose 4*c - o = -6. Is 2 a factor of c?
True
Suppose 8*g - 138 = 5*g. Does 23 divide g?
True
Suppose 5*l = -2*m + 661, -2*l + 2*m + 649 = 3*l. Does 13 divide 4/(-20) - l/(-5)?
True
Suppose 273 = 4*v + 5*w, 2*v = -5*w + 27 + 112. Suppose -v + 184 = 3*k. Does 17 divide k?
False
Suppose 0 = 4*f - 98 + 22. Is 17 a factor of f?
False
Let l be (-4)/(-1 + 3) + -67. Let u be 4*l*(-2)/8. Suppose -5*r = -u - 156. Does 18 divide r?
False
Let k be ((-36)/10)/(2/(-40)). Suppose k = 4*x - 5*c, x + 2*c = c + 18. Is 16 a factor of x?
False
Suppose 4*z - 25 + 5 = 2*i, 5*z - 4*i = 31. Suppose z*d - 33 = -3*m, 2 = 3*m - 2*d - 21. Does 6 divide m?
False
Let q be (-76)/(-20) + 3/15. Suppose q*u + 0 = 36. Is u a multiple of 4?
False
Suppose -5*x = -44 - 81. Let a(o) = o**3 - 4*o**2 + 4*o - 3. Let d be a(3). Suppose d*w = 5*w - x. Does 5 divide w?
True
Let o = 69 - 4. Is o a multiple of 3?
False
Let a = -157 + 359. Does 34 divide a?
False
Suppose 4*r - 429 = 387. Is r a multiple of 34?
True
Suppose 70 = -3*z + 8*z. Is 6 a factor of z?
False
Suppose 2*o + o - 4*t = 48, -91 = -5*o + 3*t. Is 10 a factor of o?
True
Suppose -2 = 2*u - u. Let p be 0 - 0 - 0/u. Is 6/(p + (-3)/(-15)) a multiple of 15?
True
Is 5 a factor of (27/5)/((-39)/(-130))?
False
Suppose -i = k + k - 92, 450 = 5*i + 5*k. Does 11 divide i?
True
Suppose -r - 5 = -0. Let m = 13 - r. Is m a multiple of 9?
True
Suppose 0 = k - 0*k - 132. Suppose 3*x + 2*s = x + k, 0 = -s + 3. Let t = x + -32. Is 16 a factor of t?
False
Let p be (3 + -6)*(-76)/(-12). Let o = -7 - p. Does 9 divide o?
False
Let h = 125 - 60. Is h a multiple of 24?
False
Let y be 0 - -1 - (-7 - -4). Does 3 divide (-6 + y)/((-2)/6)?
True
Is 4 a factor of 29/(-58)*(1 - 145)?
True
Let w = 2 + 20. Let j = -31 + w. Is 9 a factor of 2/(1 + 7/j)?
True
Let g(b) = 9*b - 6. Let s(t) = t**3 + 3*t**2 - 5*t. Let y be s(-4). Does 8 divide g(y)?
False
Suppose -630 = -11*m - 234. Is 12 a factor of m?
True
Let b(c) = -c**3 - 7*c**2 - 2*c - 6. Let t(i) = -i**3 - 11*i**2 + 12*i - 7. Let p be t(-12). Is b(p) a multiple of 8?
True
Suppose -4*h - 2*j = 26 - 102, -84 = -4*h - 4*j. Is 4 a factor of h?
False
Let f = -19 - -1. Does 14 divide 14/(3*(-3)/f)?
True
Let r = -382 - -662. Is r a multiple of 56?
True
Let p(f) = 17*f - 2. Let v be p(2). Let w = 66 - v. Does 10 divide w?
False
Let y(c) = c**2 + 4*c + 7. Is y(-5) a multiple of 6?
True
Let n be (-5)/((-10)/4) + 1. Suppose 0 = -3*d + o + 20, -2*d + 2*o + n*o = -22. Does 10 divide 108/5 - d/10?
False
Let c(l) = -l**3 - 6*l**2 + 3. Let y be c(-6). Suppose -y*r + 5 = -5*z - 7, 4*z - 2*r + 8 = 0. Is (-2 + 4)/1 - z a multiple of 2?
True
Suppose 0 = -3*b + 8 + 1. Is 8 a factor of 3/b - (1 - 16)?
True
Let b = 159 - 69. Is 5478/b - (-2)/15 a multiple of 14?
False
Let t(b) = b**2 + 3*b**2 - 3*b**2 + 11 + 3. Does 6 divide t(0)?
False
Suppose 95 - 19 = h. Does 4 divide (-10)/(-65) + h/13?
False
Suppose 4*u = -0*u - 8. Let o(f) = -9*f - 5. Does 5 divide o(u)?
False
Let h(u) = 240*u**2 - u. Let p be h(-1). Suppose -5*b - p = 39. Is b/12*(-36)/14 a multiple of 5?
False
Let l = 12 + -7. Let v(o) = o - 4. Let x be v(l). Suppose x = -f + 9. Is f a multiple of 4?
True
Suppose -25*v + 539 = -18*v. Is v a multiple of 7?
True
Let h = 81 - -41. Let t = -58 + h. Is 16 a factor of t?
True
Let j(n) = -3*n - 12*n**2 - 7*n + n**3 - 11 - n - n. Is 2 a factor of j(13)?
True
Suppose 2*r + 8*f = 3*f - 139, 15 = 3*f. Let v = -57 - r. Does 9 divide v?
False
Let b(q) = q**3 - 4*q**2 + 7*q - 4. Let w be b(5). Let i = w + -36. Is i a multiple of 10?
True
Let l(n) = -n**2 + 8*n - 4. Let x = 19 - 12. Let o be l(x). Suppose b = 4*i - 27, 4*b = o + 1. Is i a multiple of 2?
False
Let t(i) = -i**3 - 8*i**2 - 11*i - 7. Let a(y) = y**2 + y - 7. Let w be a(0). Is t(w) a multiple of 7?
True
Let g(z) = z**2 - 6*z - 8. Is 11 a factor of g(9)?
False
Is 20 a factor of ((-6)/(-4))/((-9)/(-240) - 0)?
True
Let x = -5 + 8. Suppose -x*s + 7*s - 4 = 0. Is 12 a factor of (s + (-22)/10)*-20?
True
Let a(x) = 2*x**2 - 2*x - 31. Is a(-10) a multiple of 63?
True
Let k(d) = -1 - 2*d + 0*d - 6. Let q be k(-8). Suppose 2 = h - q. Is 11 a factor of h?
True
Let x = -50 - -161. Suppose 49 = 5*y - x. Is 16 a factor of y?
True
Is 14 a factor of (7 - 10)*4/(-6) + 227?
False
Is 6 a factor of 4/10 + -2*(-836)/20?
True
Let y(x) = x**3 - 11*x**2 + 3. Let r be y(11). Suppose -i + 64 = 2*i + 2*c, r*c = -3*i + 60. Does 12 divide i?
True
Let f be (-2)/(-4) + (-2)/4. Suppose -5*k - 9 - 6 = f. Is 47 - (-2 - k) - 1 a multiple of 18?
False
Let h = 8 - 4. Does 8 divide (-2)/(-4)*h + 27?
False
Suppose 166 - 11 = 5*d. Is d a multiple of 11?
False
Let v(d) = -7*d**3 + 5*d**3 - 15*d**3 + d. Is v(-1) a multiple of 9?
False
Suppose 2*q - 5*c - 260 = 0, -5*q + 4*c + 129 = -521. Is 20 a factor of q?
False
Suppose -4*c + 10*c - 618 = 0. Does 15 divide c?
False
Let a = -5 + 14. Is 3 a factor of a?
True
Suppose 4*f = -2*w + 643 - 143, -4*f = w - 500. Suppose -5*p - f = 5*q, p + 28 = -q + 3*p. Let h = q - -43. Is 6 a factor of h?
False
Let d = 15 - 10. Suppose -g + d*g - 64 = 0. Is g a multiple of 4?
True
Does 16 divide (1365/(-10))/7*64/(-6)?
True
Let n(r) = -9*r**2 - 6*r - 4. Let p(v) = -v**2 - v - 1. Let d(t) = -n(t) + 6*p(t). Is d(4) a multiple of 13?
False
Is 7 a factor of (-2 - -19) + (-12)/(-3)?
True
Let z(k) = k**3 + 12*k**2 - 13*k - 2. Let s be z(-13). Does 10 divide 11 - s - (-4 - -3)?
False
Let v = -16 + 203. Is v a multiple of 29?
False
Suppose -4 = -2*u - 2. Is 1 + -3 - -23 - u a multiple of 10?
True
Let l be 30/(-6) - 4/(-2). Let y(j) = -9*j - 3. Is 8 a factor of y(l)?
True
Let y(q) = 3 + 0 + q - 2 + 0. Let r be y(-3). Is 10 a factor of 1 - (15 + -2)*r?
False
Let t = -9 + 6. Let l(r) = 3 - 3*r + r + r**3 + 5*r**2 + 5*r. Is 8 a factor of l(t)?
False
Suppose 25 = 3*f + 2*f. Let w(q) = q + 7. Does 6 divide w(f)?
True
Let x(k) = -k - 3. Let d be x(2). Let l =